{"id":610,"date":"2025-01-22T17:47:58","date_gmt":"2025-01-22T17:47:58","guid":{"rendered":"https:\/\/www.dentalgolden.com.br\/sys\/?post_type=product&#038;p=610"},"modified":"2025-08-02T12:33:34","modified_gmt":"2025-08-02T12:33:34","slug":"sugadordescartavel-injecta","status":"publish","type":"product","link":"https:\/\/www.dentalgolden.com.br\/sys\/produto\/sugadordescartavel-injecta\/","title":{"rendered":"Sugador Plastico Descartavel Colorido Jet&#8217;s C\/40un &#8211; Injecta"},"content":{"rendered":"<p>O\u00a0<strong>Sugador Pl\u00e1stico Descart\u00e1vel Colorido Jet&#8217;S<\/strong>\u00a0da\u00a0<strong>Injecta<\/strong>\u00a0\u00e9 um item essencial para procedimentos odontol\u00f3gicos, garante efici\u00eancia e higiene durante o atendimento. Proporciona seguran\u00e7a tanto para o paciente quanto para o profissional, oferece flexibilidade e excelente poder de suc\u00e7\u00e3o, assegurando o conforto do paciente e facilitando a remo\u00e7\u00e3o de res\u00edduos e fluidos durante os procedimentos cl\u00ednicos.<\/p>\n<div class=\"productFullDetail-rootAccordion-x6mnh\">\n<div class=\"productFullDetail-rootSection-tmauE\">\n<h3 class=\"productFullDetail-titleContainerSection-TsbUz\"><span class=\"productFullDetail-titleWrapperSection-z+2pb\"><span class=\"productFullDetail-titleSection-UpdvN\">Indica\u00e7\u00e3o do Sugador Plastico Descartavel Colorido Jet&#8217;s &#8211; Injecta<\/span><\/span><\/h3>\n<div>\n<div class=\"productFullDetail-rootRichText-TLzuV\">Indicado para uso em procedimentos odontol\u00f3gicos, garantindo higiene e praticidade. Ideal para dentistas e profissionais da sa\u00fade bucal que buscam prevenir contamina\u00e7\u00e3o cruzada e oferecer seguran\u00e7a aos seus pacientes.<\/div>\n<div><\/div>\n<\/div>\n<\/div>\n<\/div>\n<div class=\"productFullDetail-rootAccordion-x6mnh\">\n<div class=\"productFullDetail-rootSection-tmauE\">\n<h3 class=\"productFullDetail-titleContainerSection-TsbUz\"><span class=\"productFullDetail-titleWrapperSection-z+2pb\"><span class=\"productFullDetail-titleSection-UpdvN\">Caracter\u00edsticas do Sugador Plastico Descartavel Colorido Jet&#8217;s &#8211; Injecta<\/span><\/span><\/h3>\n<div>\n<div class=\"productFullDetail-rootRichText-TLzuV\">Material flex\u00edvel e resistente que oferece conforto e praticidade durante os procedimentos;<br \/>\nUso descart\u00e1vel que garante higiene e seguran\u00e7a, evitando a contamina\u00e7\u00e3o cruzada;<br \/>\nEficiente na remo\u00e7\u00e3o de res\u00edduos e fluidos da cavidade bucal;<br \/>\nVisual agrad\u00e1vel que facilita a organiza\u00e7\u00e3o e identifica\u00e7\u00e3o.<\/div>\n<\/div>\n<\/div>\n<\/div>\n","protected":false},"excerpt":{"rendered":"<h5>O\u00a0<strong>Sugador Pl\u00e1stico Descart\u00e1vel Colorido Jet&#8217;S<\/strong>\u00a0da\u00a0<strong>Injecta &#8211; 3 PACOTES C\/40 UNIDADES.\u00a0<\/strong><\/h5>\n<h5 class=\"value\"><strong><span style=\"color: #008000;\">Frete Gr\u00e1tis<\/span>.<\/strong> Em compras acima de R$ 200,00 no site.<\/h5>\n<h4>Brinde: Compre 990,90 e ganhe 1 touca rosa PROTDESC, 1 touca branca PREVEMAX e 1 prop\u00e9 branco PREVEMAX<\/h4>\n","protected":false},"featured_media":774,"comment_status":"closed","ping_status":"closed","template":"","meta":[],"product_brand":[110],"product_cat":[111,100],"product_tag":[],"class_list":{"0":"post-610","1":"product","2":"type-product","3":"status-publish","4":"has-post-thumbnail","6":"product_brand-injecta","7":"product_cat-sugadores","8":"product_cat-so-ofertas","9":"product_shipping_class-padrao","10":"aux-has-gallery","12":"first","13":"instock","14":"sale","15":"featured","16":"purchasable","17":"product-type-simple"},"_links":{"self":[{"href":"https:\/\/www.dentalgolden.com.br\/sys\/wp-json\/wp\/v2\/product\/610","targetHints":{"allow":["GET"]}}],"collection":[{"href":"https:\/\/www.dentalgolden.com.br\/sys\/wp-json\/wp\/v2\/product"}],"about":[{"href":"https:\/\/www.dentalgolden.com.br\/sys\/wp-json\/wp\/v2\/types\/product"}],"replies":[{"embeddable":true,"href":"https:\/\/www.dentalgolden.com.br\/sys\/wp-json\/wp\/v2\/comments?post=610"}],"wp:featuredmedia":[{"embeddable":true,"href":"https:\/\/www.dentalgolden.com.br\/sys\/wp-json\/wp\/v2\/media\/774"}],"wp:attachment":[{"href":"https:\/\/www.dentalgolden.com.br\/sys\/wp-json\/wp\/v2\/media?parent=610"}],"wp:term":[{"taxonomy":"product_brand","embeddable":true,"href":"https:\/\/www.dentalgolden.com.br\/sys\/wp-json\/wp\/v2\/product_brand?post=610"},{"taxonomy":"product_cat","embeddable":true,"href":"https:\/\/www.dentalgolden.com.br\/sys\/wp-json\/wp\/v2\/product_cat?post=610"},{"taxonomy":"product_tag","embeddable":true,"href":"https:\/\/www.dentalgolden.com.br\/sys\/wp-json\/wp\/v2\/product_tag?post=610"}],"curies":[{"name":"wp","href":"https:\/\/api.w.org\/{rel}","templated":true}]}}