{"id":576,"date":"2025-01-22T17:47:36","date_gmt":"2025-01-22T17:47:36","guid":{"rendered":"https:\/\/www.dentalgolden.com.br\/sys\/?post_type=product&#038;p=576"},"modified":"2025-07-17T15:32:38","modified_gmt":"2025-07-17T15:32:38","slug":"kit-simples-silicone-de-adicao-futura-ad-regular-dfl","status":"publish","type":"product","link":"https:\/\/www.dentalgolden.com.br\/sys\/produto\/kit-simples-silicone-de-adicao-futura-ad-regular-dfl\/","title":{"rendered":"Kit Simples Silicone de Adi\u00e7\u00e3o Futura AD Regular \u2013 DFL"},"content":{"rendered":"<h2>Silicone de Adi\u00e7\u00e3o Futura AD<\/h2>\n<p>O\u00a0<strong>Kit Silicone de Adi\u00e7\u00e3o Futura AD<\/strong> da DFL \u00e9 um material de moldagem para profissionais da odontologia que buscam excelente fidelidade de c\u00f3pia. \u00c9 desenvolvido com caracter\u00edsticas que elevam a qualidade das impress\u00f5es.<\/p>\n<h2>Caracter\u00edsticas do Futura AD kit completo<\/h2>\n<ul>\n<li>Excelente visualiza\u00e7\u00e3o obtida pelo contraste acentuado das cores utilizadas.<\/li>\n<li>Estabilidade dimensional por duas semanas (14 dias) e maior resist\u00eancia ao rasgamento.<\/li>\n<li>Permite m\u00faltiplos vazamentos com a mesma fidelidade.<\/li>\n<li>F\u00e1cil manipula\u00e7\u00e3o por permitir automistura nos produtos com cartucho de automistura.<\/li>\n<li>Composi\u00e7\u00e3o: Polivinilsiloxano, Di\u00f3xido de Sil\u00edcio, Hidrocarboneto, Metilhidrogenosiloxano, Corante lil\u00e1s, Corante amarelo, Corante azul e Complexo Organoplat\u00ednico.<\/li>\n<li>Fluido e hidrof\u00edlico.<\/li>\n<li>Pastas fluidas de alta tixotropia.<\/li>\n<li>Propor\u00e7\u00e3o cartucho 1:1.<\/li>\n<li>Certifica\u00e7\u00e3o ISO 13458.<\/li>\n<li>Armazenamento: Entre 2 e 30\u00b0C. Manter os potes, os cartuchos duplos e as bisnagas bem fechados ap\u00f3s o uso. Para melhor conserva\u00e7\u00e3o armazenar em geladeira.<\/li>\n<li>Validade: 2 anos a partir da data de fabrica\u00e7\u00e3o.<\/li>\n<\/ul>\n","protected":false},"excerpt":{"rendered":"<h5 class=\"value\">Kit com 2 potes de Futura AD Pasta Densa (250ml Base+250ml Catalisador) + Cartucho de automistura de Futura AD Pasta Fluida Regular com 50mL + Cartucho de automistura de Futura AD Pasta Fluida Leve com 50mL + pontas misturadoras + pontas intraorais.<\/h5>\n<p><strong><span style=\"color: #008000;\">Frete Gr\u00e1tis<\/span>.<\/strong> Em compras acima de R$ 200,00 no site.<\/p>\n<p>&nbsp;<\/p>\n","protected":false},"featured_media":847,"comment_status":"closed","ping_status":"closed","template":"","meta":[],"product_brand":[116],"product_cat":[114,100],"product_tag":[],"class_list":{"0":"post-576","1":"product","2":"type-product","3":"status-publish","4":"has-post-thumbnail","6":"product_brand-dfl","7":"product_cat-moldagens","8":"product_cat-so-ofertas","9":"aux-has-gallery","11":"first","12":"instock","13":"sale","14":"featured","15":"taxable","16":"shipping-taxable","17":"purchasable","18":"product-type-simple"},"_links":{"self":[{"href":"https:\/\/www.dentalgolden.com.br\/sys\/wp-json\/wp\/v2\/product\/576","targetHints":{"allow":["GET"]}}],"collection":[{"href":"https:\/\/www.dentalgolden.com.br\/sys\/wp-json\/wp\/v2\/product"}],"about":[{"href":"https:\/\/www.dentalgolden.com.br\/sys\/wp-json\/wp\/v2\/types\/product"}],"replies":[{"embeddable":true,"href":"https:\/\/www.dentalgolden.com.br\/sys\/wp-json\/wp\/v2\/comments?post=576"}],"wp:featuredmedia":[{"embeddable":true,"href":"https:\/\/www.dentalgolden.com.br\/sys\/wp-json\/wp\/v2\/media\/847"}],"wp:attachment":[{"href":"https:\/\/www.dentalgolden.com.br\/sys\/wp-json\/wp\/v2\/media?parent=576"}],"wp:term":[{"taxonomy":"product_brand","embeddable":true,"href":"https:\/\/www.dentalgolden.com.br\/sys\/wp-json\/wp\/v2\/product_brand?post=576"},{"taxonomy":"product_cat","embeddable":true,"href":"https:\/\/www.dentalgolden.com.br\/sys\/wp-json\/wp\/v2\/product_cat?post=576"},{"taxonomy":"product_tag","embeddable":true,"href":"https:\/\/www.dentalgolden.com.br\/sys\/wp-json\/wp\/v2\/product_tag?post=576"}],"curies":[{"name":"wp","href":"https:\/\/api.w.org\/{rel}","templated":true}]}}